2907 and r.
17
Suppose 52 = 20*x - 28. Suppose -5*i + 482 = 2*v - x*v, -3*v + 306 = 3*i. What is the greatest common divisor of i and 28?
14
Let o be 12/42 + 2566/(-14). Let f(w) = -9*w - 92. Let m be f(0). Let g = m - o. What is the highest common factor of 13 and g?
13
Let a be (-2 + 5)*12*8. Let v be -1 - (1638/(-195) - 2/(-5)). Suppose -c + a = v*c. Calculate the greatest common factor of 18 and c.
18
Let w(m) = -5020*m + 182. Let y be w(-1). Calculate the greatest common factor of y and 162.
18
Let f be (-3 - -32)/1 - (-6 + (-25)/(-5)). Calculate the highest common factor of f and 1180.
10
Let a(j) = 13*j**2 - 4*j - 4. Let m be a(-1). Let z = -1799 - -2449. What is the greatest common divisor of m and z?
13
Let p = 226 + -220. Suppose -4*u + 9 = -3*v - 15, u = 2*v + p. Calculate the highest common divisor of 8 and u.
2
Let f = -9465 - -10822. What is the highest common factor of 23 and f?
23
Let d(f) = 6*f - 2. Let m be d(3). Let s be ((-227205)/(-120))/17 + (-135)/(-216). What is the highest common factor of m and s?
16
Let i = 423 - 423. Suppose 4*d + 8 = 0, 2*l - l - d - 95 = i. Let r be (6/4)/((-6)/(-248)). What is the highest common divisor of r and l?
31
Let l = -1841 - -1079. Let r = l - -782. What is the greatest common divisor of 135 and r?
5
Let i be (-1800)/(-480)*(-32)/(-10). What is the highest common divisor of i and 822?
6
Let y(i) = 2*i**3 - 5*i**2 - 5*i - 19. Let u be y(4). Suppose -5*d + 183 = 4*q, -u = -5*d - 34. Calculate the highest common factor of 182 and q.
26
Let d = -198 - -376. Let i = -160 + d. What is the highest common factor of 540 and i?
18
Let b = 30185 - 30161. Let v be (504/(-15))/(2/(-50)). Calculate the highest common factor of b and v.
24
Let b(l) be the second derivative of -5*l**3/6 - 90*l. Let u be b(-10). What is the highest common factor of u and 10?
10
Let v be 6 - 0 - (-3 + 5). Suppose 10*w = 99*w - 1248 - 2668. Calculate the highest common factor of w and v.
4
Let g be ((2431 - 1) + 3)*1. Suppose -2*y - 5*m = -2991, -3*m = -2*y + g + 598. Suppose -5*p - 473 = -y. Calculate the highest common divisor of p and 23.
23
Let g(a) = -2*a + 4. Let c be g(8). Let j be 6/9 + (-2536)/c. Suppose 2*b - j = -2*i, 3*i - 2*i = 4*b - 444. What is the highest common divisor of b and 22?
22
Let o = 58 - 31. Let u = 37 - o. Let p(i) = i**3 - 10*i**2 + i - 4. Let q be p(u). Calculate the highest common divisor of 2 and q.
2
Let v = -2740 + 2754. Calculate the greatest common divisor of v and 9051.
7
Let w be 4/(-1) + (2 - 20)/(-2). Suppose 0 = -2*q + b + 171, -2*q = w*b - 142 - 23. Calculate the greatest common factor of q and 34.
17
Let m(h) = -2*h**3 + 2*h + 12. Let y be m(0). Suppose 1066 - 226 = 70*l. Calculate the highest common factor of l and y.
12
Let n(s) = 2*s**3 - 59*s**2 + 83*s + 40. Let z be n(28). Calculate the highest common divisor of z and 8100.
12
Let j = 45 + -41. Suppose 9*h = -j*h + 403. What is the greatest common divisor of h and 403?
31
Suppose a = -4*a - 30. Let k be a/(-15) - (-18)/5. Suppose k = i + 2. What is the greatest common divisor of 4 and i?
2
Let t(i) = i**3 - 9*i**2 - 8*i + 38. Let f be t(10). Calculate the highest common factor of f and 638.
58
Suppose 0 = 19*u - 20*u + 5. Let g(l) = 7*l - l - 4*l + 12 + u*l + 5*l**2. Let c be g(-2). Calculate the greatest common factor of 72 and c.
18
Let u(p) = -p**3 + 20*p + 4. Let b be u(5). Let a(r) = -r**2 - 29*r - 78. Let w be a(b). What is the greatest common factor of 36 and w?
18
Suppose -3 = 3*f, 0 = 4*b - 4*f - 644 - 304. Let a = b - 41. What is the greatest common factor of 15 and a?
15
Suppose -u - 5*y + 44 = 0, 0*u - 193 = -5*u + 2*y. Suppose -543*k - 233 = -546*k - 2*q, -2*k = 20*q + 218. Calculate the highest common divisor of k and u.
13
Suppose -c + 4*p = 8*p - 11032, -p - 11027 = -c. Suppose 0 = 22*b + 622 - c. What is the highest common factor of b and 43?
43
Let z = -583 - -1038. Let k be 37*10/(1 + 6 - 9). Let c = k + z. What is the highest common divisor of 30 and c?
30
Let c be 54 + (1 - (-24)/(-4)*-1 - 1). What is the highest common divisor of 1128 and c?
12
Let y(h) = h**2 + 78*h - 304. Let x be y(-82). What is the highest common divisor of 6744 and x?
24
Let d = 637 - 633. Let w be (9/(-6))/((-6)/440). Suppose 3*b = 4*x + 4*b - 102, d*x - 3*b = w. What is the greatest common divisor of x and 65?
13
Let l(q) = -3*q**3 - 23*q**2 - 31*q + 3. Let z be l(-6). Calculate the highest common divisor of 7515 and z.
9
Let p = -5097 + 5119. Calculate the highest common factor of 1408 and p.
22
Let g = 258 + -253. Suppose 6*h + 3*c - 30 = g*h, 0 = -3*c + 12. What is the greatest common factor of h and 24?
6
Let b(u) = u**3 - 3*u**2 - u - 1. Let a be (30/9)/(-1)*(-12)/10. Let q be b(a). Suppose -2*r = -110 - 0. Calculate the greatest common divisor of r and q.
11
Let p be ((-6)/4)/((-6)/128) - (19 - 22). What is the greatest common divisor of p and 175?
35
Let s(i) = -14*i**2 + 50*i + 52. Let l(f) = -9*f**2 + 33*f + 34. Let c(d) = -8*l(d) + 5*s(d). Let a be c(-5). What is the highest common factor of 4 and a?
4
Suppose -2*w - 2*g + 766 = 0, g = 3*w - 3*g - 1128. Let i = -359 + w. What is the highest common divisor of i and 14?
7
Let g be 1/((-15)/30 - 3/(-2)). Let i be 2/2 - (-9)/g. What is the greatest common divisor of 30 and i?
10
Suppose -3*u = -3*w - 7173, -302*w + 2385 = u - 297*w. Calculate the greatest common divisor of u and 50.
10
Suppose -1220*d = -1231*d + 27515 + 11271. Calculate the greatest common divisor of 492 and d.
82
Suppose -3*y - 129 = -123, -9*y - 2226 = -2*l. Calculate the greatest common factor of l and 92.
92
Let f be -20*7/105*-117. Calculate the greatest common factor of 7566 and f.
78
Let o = 695 - 1000. Let u = -4 - o. What is the greatest common divisor of 86 and u?
43
Suppose -105*t = -117*t + 5544. Let m = 524 - t. Let c(k) = -12*k - 3. Let j be c(-8). Calculate the greatest common divisor of j and m.
31
Suppose 0 = -5*u - 39 + 299. Let t = u + -55. Let n(h) = -51*h + 12. Let r be n(t). What is the greatest common divisor of 15 and r?
15
Let s(q) = 2*q**3 - 3*q**2 + 26*q - 125. Let l be s(5). Calculate the greatest common divisor of 645 and l.
15
Suppose 5*g = -2*f - 37, -2*f + 2*g - 16 = -42. What is the greatest common divisor of f and 598?
2
Let l(a) = -a + 40. Suppose 0 = -5*n + 2*n. Let k be 0/(-4)*(-1 + n). Let u be l(k). Calculate the greatest common factor of u and 20.
20
Suppose 9083 = 157*u + 1861. What is the highest common divisor of 2 and u?
2
Let o(m) = -94 + 47*m - 19*m - 19*m - 15*m. Let y be o(-16). What is the highest common divisor of y and 8?
2
Let j(i) = -i**3 - 10*i**2 - 26*i - 10. Let s(g) = -52*g - 164. Let k be s(-3). Let x be j(k). What is the greatest common divisor of x and 336?
14
Let h(u) = 6*u**2 - 5*u - 44. Let j be h(10). Suppose -38*s = -32*s - 132. What is the highest common divisor of s and j?
22
Let d = 207 - 205. Suppose b + 0*b = 0. Suppose b + d = 2*z. Calculate the greatest common divisor of 4 and z.
1
Let a = -5382 - -5399. What is the highest common divisor of a and 11509?
17
Let h(n) = -n**2 - 39*n + 14. Let f be h(-11). Let a be 2134/77 + 4/14. What is the highest common divisor of f and a?
14
Let w = -63273 + 63314. Let n = -200 + 528. What is the highest common divisor of w and n?
41
Let f(h) be the second derivative of 71*h**3/6 - 240*h**2 + 96*h. Let l be f(9). Calculate the highest common factor of 53 and l.
53
Let s be ((-962)/4)/(0 - (-1)/2). Let l = s + 993. Calculate the highest common factor of l and 32.
32
Let q(s) = 22*s. Let i be q(-6). Let v be ((-495)/i)/(1/20). Calculate the highest common factor of 3 and v.
3
Let r be 2280/(-180)*(-9)/(-12)*(-136 + 2). What is the greatest common factor of r and 38?
19
Let y = -710 - -820. What is the greatest common divisor of y and 235?
5
Let f be ((420/(-49))/(-5))/(3/(-42)). Let p(a) = -4*a - 45. Let w be p(f). Calculate the highest common divisor of 561 and w.
51
Let p = 2993 + -2968. Let t = 22 + -11. Suppose -5*a + 31 = -2*l, -5 - t = -2*a + 2*l. Calculate the greatest common factor of a and p.
5
Let l be 3 - (-1128)/20 - 6/(-10). Let t = l - 23. What is the greatest common divisor of 333 and t?
37
Suppose 0 = 3*u + 2*o - 60, u - 5*o = 4*u - 51. Suppose 2*t - 778 = 5*x, 5*t - 556 = x + 1320.